 42389?
19, 23, 97
What are the prime factors of 46993?
46993
List the prime factors of 1797.
3, 599
What are the prime factors of 3048?
2, 3, 127
List the prime factors of 27076.
2, 7, 967
List the prime factors of 190246.
2, 7, 107, 127
What are the prime factors of 73141?
73141
What are the prime factors of 204?
2, 3, 17
What are the prime factors of 885?
3, 5, 59
List the prime factors of 18829.
19, 991
List the prime factors of 677.
677
List the prime factors of 3385.
5, 677
List the prime factors of 6555.
3, 5, 19, 23
List the prime factors of 38689.
7, 5527
List the prime factors of 2372.
2, 593
What are the prime factors of 2672?
2, 167
What are the prime factors of 8576?
2, 67
List the prime factors of 888.
2, 3, 37
What are the prime factors of 703?
19, 37
List the prime factors of 155660.
2, 5, 43, 181
List the prime factors of 11753.
7, 23, 73
List the prime factors of 1392.
2, 3, 29
List the prime factors of 383.
383
List the prime factors of 2995.
5, 599
List the prime factors of 3033.
3, 337
What are the prime factors of 2322?
2, 3, 43
What are the prime factors of 48685?
5, 7, 13, 107
What are the prime factors of 1236?
2, 3, 103
List the prime factors of 118962.
2, 3, 2203
What are the prime factors of 871?
13, 67
What are the prime factors of 682?
2, 11, 31
List the prime factors of 787.
787
List the prime factors of 25547.
59, 433
What are the prime factors of 50497?
50497
List the prime factors of 695.
5, 139
What are the prime factors of 13081?
103, 127
What are the prime factors of 9345?
3, 5, 7, 89
What are the prime factors of 8720?
2, 5, 109
What are the prime factors of 1428?
2, 3, 7, 17
List the prime factors of 4547.
4547
List the prime factors of 2267.
2267
What are the prime factors of 854?
2, 7, 61
What are the prime factors of 3609?
3, 401
List the prime factors of 1892.
2, 11, 43
List the prime factors of 1040.
2, 5, 13
What are the prime factors of 3641?
11, 331
List the prime factors of 65251.
23, 2837
What are the prime factors of 21890?
2, 5, 11, 199
List the prime factors of 6056.
2, 757
What are the prime factors of 166838?
2, 7, 17, 701
What are the prime factors of 42877?
53, 809
List the prime factors of 64916.
2, 16229
List the prime factors of 2099.
2099
What are the prime factors of 69193?
69193
List the prime factors of 80447.
80447
List the prime factors of 2658.
2, 3, 443
List the prime factors of 19409.
13, 1493
What are the prime factors of 1723?
1723
What are the prime factors of 436?
2, 109
List the prime factors of 6362.
2, 3181
What are the prime factors of 4850?
2, 5, 97
List the prime factors of 1651.
13, 127
What are the prime factors of 534?
2, 3, 89
What are the prime factors of 6392?
2, 17, 47
What are the prime factors of 11118?
2, 3, 17, 109
List the prime factors of 39880.
2, 5, 997
List the prime factors of 9336.
2, 3, 389
What are the prime factors of 3598?
2, 7, 257
List the prime factors of 31917.
3, 10639
List the prime factors of 8513.
8513
What are the prime factors of 15066?
2, 3, 31
What are the prime factors of 1869?
3, 7, 89
What are the prime factors of 1230?
2, 3, 5, 41
List the prime factors of 13483.
97, 139
List the prime factors of 36385.
5, 19, 383
What are the prime factors of 44?
2, 11
List the prime factors of 22897.
7, 3271
List the prime factors of 2337.
3, 19, 41
List the prime factors of 113961.
3, 37987
What are the prime factors of 4518?
2, 3, 251
What are the prime factors of 28615?
5, 59, 97
What are the prime factors of 657?
3, 73
List the prime factors of 6401.
37, 173
What are the prime factors of 1481?
1481
What are the prime factors of 853?
853
List the prime factors of 1959.
3, 653
List the prime factors of 2727.
3, 101
List the prime factors of 45751.
45751
What are the prime factors of 1279?
1279
List the prime factors of 2148.
2, 3, 179
What are the prime factors of 2352?
2, 3, 7
List the prime factors of 2332.
2, 11, 53
List the prime factors of 446.
2, 223
What are the prime factors of 15928?
2, 11, 181
What are the prime factors of 1828?
2, 457
What are the prime factors of 52?
2, 13
What are the prime factors of 2088?
2, 3, 29
What are the prime factors of 2776?
2, 347
What are the prime factors of 3233?
53, 61
List the prime factors of 88598.
2, 31, 1429
List the prime factors of 230.
2, 5, 23
What are the prime factors of 13778?
2, 83
What are the prime factors of 72190?
2, 5, 7219
What are the prime factors of 8358?
2, 3, 7, 199
What are the prime factors of 16547?
16547
List the prime factors of 5167.
5167
List the prime factors of 12201.
3, 7, 83
List the prime factors of 11344.
2, 709
What are the prime factors of 29415?
3, 5, 37, 53
What are the prime factors of 2673?
3, 11
List the prime factors of 210.
2, 3, 5, 7
What are the prime factors of 486?
2, 3
List the prime factors of 5483.
5483
What are the prime factors of 12797?
67, 191
What are the prime factors of 10459?
10459
List the prime factors of 1239.
3, 7, 59
List the prime factors of 22146.
2, 3, 3691
What are the prime factors of 28538?
2, 19, 751
List the prime factors of 31054.
2, 15527
What are the prime factors of 3757?
13, 17
List the prime factors of 6508.
2, 1627
What are the prime factors of 3715?
5, 743
List the prime factors of 26529.
3, 37, 239
List the prime factors of 20643.
3, 7, 983
List the prime factors of 560.
2, 5, 7
List the prime factors of 91107.
3, 53, 191
What are the prime factors of 1514?
2, 757
What are the prime factors of 21473?
109, 197
List the prime factors of 386.
2, 193
List the prime factors of 1928.
2, 241
List the prime factors of 1152.
2, 3
List the prime factors of 74.
2, 37
List the prime factors of 297.
3, 11
List the prime factors of 3370.
2, 5, 337
List the prime factors of 7091.
7, 1013
What are the prime factors of 4257?
3, 11, 43
What are the prime factors of 17171?
7, 11, 223
What are the prime factors of 601?
601
List the prime factors of 41719.
41719
List the prime factors of 759.
3, 11, 23
What are the prime factors of 248?
2, 31
What are the prime factors of 7373?
73, 101
List the prime factors of 17921.
17921
What are the prime factors of 80853?
3, 26951
List the prime factors of 17156.
2, 4289
List the prime factors of 4342.
2, 13, 167
List the prime factors of 2415.
3, 5, 7, 23
List the prime factors of 2270.
2, 5, 227
What are the prime factors of 10745?
5, 7, 307
List the prime factors of 2324.
2, 7, 83
What are the prime factors of 1337?
7, 191
List the prime factors of 32856.
2, 3, 37
What are the prime factors of 2821?
7, 13, 31
List the prime factors of 49810.
2, 5, 17, 293
What are the prime factors of 25625?
5, 41
What are the prime factors of 173136?
2, 3, 3607
What are the prime factors of 7912?
2, 23, 43
What are the prime factors of 110598?
2, 3, 18433
What are the prime factors of 182?
2, 7, 13
List the prime factors of 21721.
7, 29, 107
List the prime factors of 165.
3, 5, 11
What are the prime factors of 412?
2, 103
What are the prime factors of 40315?
5, 11, 733
What are the prime factors of 1275?
3, 5, 17
What are the prime factors of 6799?
13, 523
What are the prime factors of 5648?
2, 353
What are the prime factors of 1497?
3, 499
What are the prime factors of 734?
2, 367
What are the prime factors of 5784?
2, 3, 241
List the prime factors of 7241.
13, 557
List the prime factors of 272.
2, 17
List the prime factors of 1054.
2, 17, 31
List the prime factors of 4530.
2, 3, 5, 151
What are the prime factors of 2369?
23, 103
List the prime factors of 5160.
2, 3, 5, 43
What are the prime factors of 486?
2, 3
What are the prime factors of 5737?
5737
List the prime factors of 103659.
3, 109, 317
What are the prime factors of 1023?
3, 11, 31
What are the prime factors of 40844?
2, 10211
What are the prime factors of 1706?
2, 853
List the prime factors of 1776.
2, 3, 37
List the prime factors of 105990.
2, 3, 5, 3533
List the prime factors of 6980.
2, 5, 349
List the prime factors of 41319.
3, 4591
List the prime factors of 87787.
7, 12541
List the prime factors of 10.
2, 5
List the prime factors of 7295.
5, 1459
What are the prime factors of 85?
5, 17
List the prime factors of 9565.
5, 1913
List the prime factors of 73948.
2, 7, 19, 139
List the prime factors of 127.
127
List the prime factors of 4407.
3,